hen 555 is divided by 93.
90
Calculate the remainder when 157 is divided by 43.
28
Calculate the remainder when 451 is divided by 116.
103
Calculate the remainder when 747 is divided by 50.
47
Calculate the remainder when 579 is divided by 29.
28
What is the remainder when 859 is divided by 48?
43
Calculate the remainder when 948 is divided by 295.
63
What is the remainder when 6 is divided by 1?
0
Calculate the remainder when 190 is divided by 59.
13
What is the remainder when 5652 is divided by 69?
63
Calculate the remainder when 91 is divided by 31.
29
What is the remainder when 211 is divided by 30?
1
What is the remainder when 2134 is divided by 89?
87
Calculate the remainder when 5569 is divided by 39.
31
Calculate the remainder when 847 is divided by 846.
1
What is the remainder when 228 is divided by 215?
13
What is the remainder when 47 is divided by 13?
8
What is the remainder when 368 is divided by 93?
89
What is the remainder when 1891 is divided by 77?
43
What is the remainder when 191 is divided by 88?
15
What is the remainder when 379 is divided by 98?
85
Calculate the remainder when 3533 is divided by 86.
7
What is the remainder when 1071 is divided by 265?
11
Calculate the remainder when 152 is divided by 40.
32
What is the remainder when 896 is divided by 88?
16
Calculate the remainder when 429 is divided by 4.
1
Calculate the remainder when 652 is divided by 34.
6
Calculate the remainder when 11903 is divided by 192.
191
Calculate the remainder when 1627 is divided by 51.
46
What is the remainder when 23 is divided by 14?
9
Calculate the remainder when 545 is divided by 165.
50
Calculate the remainder when 111 is divided by 56.
55
What is the remainder when 237 is divided by 66?
39
Calculate the remainder when 1334 is divided by 102.
8
Calculate the remainder when 163 is divided by 25.
13
Calculate the remainder when 427 is divided by 5.
2
Calculate the remainder when 130 is divided by 7.
4
Calculate the remainder when 1524 is divided by 109.
107
What is the remainder when 642 is divided by 23?
21
Calculate the remainder when 358 is divided by 60.
58
Calculate the remainder when 265 is divided by 58.
33
Calculate the remainder when 95 is divided by 74.
21
Calculate the remainder when 220 is divided by 32.
28
Calculate the remainder when 511 is divided by 365.
146
Calculate the remainder when 161 is divided by 11.
7
What is the remainder when 105 is divided by 62?
43
What is the remainder when 146 is divided by 10?
6
Calculate the remainder when 142 is divided by 26.
12
What is the remainder when 4055 is divided by 104?
103
Calculate the remainder when 437 is divided by 44.
41
Calculate the remainder when 362 is divided by 26.
24
What is the remainder when 1395 is divided by 52?
43
Calculate the remainder when 94 is divided by 20.
14
What is the remainder when 2098 is divided by 28?
26
Calculate the remainder when 343 is divided by 37.
10
Calculate the remainder when 618 is divided by 2.
0
Calculate the remainder when 228 is divided by 5.
3
Calculate the remainder when 623 is divided by 23.
2
What is the remainder when 544 is divided by 21?
19
What is the remainder when 312 is divided by 133?
46
Calculate the remainder when 147 is divided by 146.
1
What is the remainder when 174 is divided by 48?
30
What is the remainder when 115366 is divided by 22?
20
Calculate the remainder when 70 is divided by 8.
6
Calculate the remainder when 849 is divided by 417.
15
What is the remainder when 652 is divided by 92?
8
Calculate the remainder when 10205 is divided by 58.
55
What is the remainder when 444 is divided by 56?
52
What is the remainder when 763 is divided by 97?
84
Calculate the remainder when 2342 is divided by 138.
134
Calculate the remainder when 16 is divided by 5.
1
Calculate the remainder when 867 is divided by 13.
9
What is the remainder when 62219 is divided by 15?
14
What is the remainder when 29 is divided by 8?
5
Calculate the remainder when 3837 is divided by 101.
100
What is the remainder when 322 is divided by 160?
2
What is the remainder when 411 is divided by 19?
12
What is the remainder when 1078 is divided by 266?
14
What is the remainder when 9421 is divided by 21?
13
Calculate the remainder when 1659 is divided by 44.
31
Calculate the remainder when 154 is divided by 56.
42
Calculate the remainder when 64 is divided by 13.
12
What is the remainder when 339 is divided by 173?
166
Calculate the remainder when 1365 is divided by 220.
45
What is the remainder when 2242 is divided by 33?
31
What is the remainder when 71 is divided by 16?
7
Calculate the remainder when 761 is divided by 59.
53
Calculate the remainder when 7224 is divided by 13.
9
Calculate the remainder when 613 is divided by 5.
3
Calculate the remainder when 7978 is divided by 12.
10
Calculate the remainder when 45523 is divided by 13.
10
What is the remainder when 15084 is divided by 11?
3
What is the remainder when 321 is divided by 5?
1
What is the remainder when 1959 is divided by 197?
186
Calculate the remainder when 95 is divided by 34.
27
Calculate the remainder when 335 is divided by 41.
7
Calculate the remainder when 178 is divided by 9.
7
Calculate the remainder when 305 is divided by 103.
99
What is the remainder when 730 is divided by 241?
7
What is the remainder when 367 is divided by 47?
38
What is the remainder when 277 is divided by 138?
1
What is the remainder when 342 is divided by 111?
9
Calculate the remainder when 5 is divided by 2.
1
What is the remainder when 3954 is divided by 5?
4
Calculate the remainder when 587 is divided by 519.
68
What is the remainder when 59 is divided by 16?
11
Calculate the remainder when 89 is divided by 15.
14
Calculate the remainder when 1049 is divided by 361.
327
Calculate the remainder when 227 is divided by 76.
75
Calculate the remainder when 571 is divided by 29.
20
Calculate the remainder when 1062 is divided by 223.
170
What is the remainder when 336 is divided by 20?
16
What is the remainder when 3391 is divided by 117?
115
What is the remainder when 1190 is divided by 133?
126
What is the remainder when 2212 is divided by 5?
2
What is the remainder when 3851 is divided by 82?
79
Calculate the remainder when 437 is divided by 20.
17
Calculate the remainder when 251 is divided by 63.
62
What is the remainder when 3594 is divided by 200?
194
Calculate the remainder when 5662 is divided by 48.
46
What is the remainder when 4699 is divided by 102?
7
What is the remainder when 492 is divided by 13?
11
Calculate the remainder when 551 is divided by 3.
2
What is the remainder when 172 is divided by 30?
22
Calculate the remainder when 1206 is divided by 13.
10
What is the remainder when 55 is divided by 15?
10
What is the remainder when 507 is divided by 12?
3
What is the remainder when 33 is divided by 16?
1
What is the remainder when 27 is divided by 8?
3
Calculate the remainder when 1356 is divided by 279.
240
Calculate the remainder when 309 is divided by 15.
9
What is the remainder when 127 is divided by 70?
57
What is the remainder when 553 is divided by 43?
37
Calculate the remainder when 1627 is divided by 82.
69
What is the remainder when 457 is divided by 23?
20
Calculate the remainder when 554 is divided by 15.
14
What is the remainder when 371 is divided by 117?
20
Calculate the remainder when 47 is divided by 17.
13
What is the remainder when 16 is divided by 13?
3
What is the remainder when 5550 is divided by 61?
60
Calculate the remainder when 6176 is divided by 27.
20
Calculate the remainder when 508 is divided by 17.
15
Calculate the remainder when 1654 is divided by 166.
160
What is the remainder when 71 is divided by 13?
6
What is the remainder when 797 is divided by 42?
41
Calculate the remainder when 919 is divided by 8.
7
What is the remainder when 163 is divided by 9?
1
Calculate the remainder when 100 is divided by 45.
10
What is the remainder when 197 is divided by 11?
10
Calculate the remainder when 4290 is divided by 149.
118
Calculate the remainder when 1939 is divided by 29.
25
Calculate the remainder when 403 is divided by 15.
13
What is the remainder when 263 is divided by 33?
32
Calculate the remainder when 208 is divided by 68.
4
What is the remainder when